 -2*w. Suppose -t*p + 4 = -20. What is the remainder when d(2) is divided by p?
5
Suppose -4*j - 77 + 5 = 0. Calculate the remainder when 14 is divided by (-592)/(-72) + 4/j.
6
Suppose 0 = -4*j + i - 662 - 173, 0 = -5*i - 5. Let f = -123 - j. Let q = -56 + f. Calculate the remainder when q is divided by 16.
14
Calculate the remainder when (-4)/3 + 920/24 is divided by 16.
5
Suppose 8 - 20 = -2*p. Suppose -75 = -5*i + 4*r, 2*i - 3*r - 26 = 11. What is the remainder when i is divided by p?
5
Let z be 1 + 0 - (-5 - 1). Suppose 0 = 5*f - 3*d - z - 20, -d = 4. Let g(t) = t**3 - t**2. Calculate the remainder when g(f) is divided by 10.
8
Let w be 2/(-6) - (-4)/(-6). Let g = w - -6. Suppose -3*v + g*n = v - 232, 0 = 5*n. Calculate the remainder when v is divided by 20.
18
Let q(j) = -j + 9. What is the remainder when 47 is divided by q(1)?
7
Let u be (4/6)/(2/3). Suppose -2*c - 12*c = -168. What is the remainder when 4/6*u*c is divided by 5?
3
Suppose -16*t + 5*t + 330 = 0. What is the remainder when t is divided by 11?
8
Suppose -6*q = -4*m - 3*q + 536, 0 = -3*q - 12. What is the remainder when m is divided by 33?
32
Suppose 0 = -4*l + 3*l + 30. What is the remainder when 207 is divided by l?
27
Let o = 9 + -8. What is the remainder when 1 is divided by ((-8)/6 + o)*-3?
0
Let f(p) = -p**3 - 7*p**2 - 8*p + 3. Let v(i) = 0*i**2 - 5 + 1 + 3*i + i**2 - 4*i. What is the remainder when f(-6) is divided by v(-3)?
7
Let t(x) = -x. Let i be t(1). Calculate the remainder when (0 - i/3)*129 is divided by 11.
10
Let u be 3/(60/51 + -1). Let c = u - -28. What is the remainder when c is divided by 16?
13
Let x(b) = -b**3 + 6*b**2 + 2*b - 8. What is the remainder when 15 is divided by x(6)?
3
Suppose 2*d = -3*t - 72 + 6, d + 32 = -t. What is the remainder when 23 is divided by ((-40)/d)/((-2)/(-18))?
11
Suppose 0*j = -j. Calculate the remainder when (j - 2)*155/(-10) is divided by 11.
9
Let i(y) = y**3 + 8*y**2 + 8*y + 8. Let l(t) = -t**2 + 8*t - 6. Let o be l(8). What is the remainder when i(o) is divided by 17?
15
Suppose 2*f + 5*j - 12 = 0, 21 = -4*f - 5*j + 65. Let t be (-12)/f*20/1. Calculate the remainder when 6/10 + (-6)/t is divided by 1.
0
Let v(x) = -7*x - 88. Calculate the remainder when 70 is divided by v(-16).
22
Let o(l) be the second derivative of l**3/6 + 25*l**2/2 + l. Calculate the remainder when o(0) is divided by 14.
11
Let v(a) = 2*a**2 + 9*a - 7. Calculate the remainder when 110 is divided by v(-7).
26
Let c(x) = x**3 - 3*x**2 + 8*x + 4. What is the remainder when c(6) is divided by 18?
16
Let b(f) = -2*f - 1. Let x be b(-1). Let w = x + -1. Suppose q - 2*q + 23 = w. Calculate the remainder when q is divided by 8.
7
Suppose 5*h + 59 = 354. Let v(k) = k**2 - 6*k + 4. Suppose 3*u = -b - 4, 2*b + 0*b + 5*u + 4 = 0. What is the remainder when h is divided by v(b)?
19
Suppose 5*k - 96 = -21. Let j = 33 - k. Suppose 4*a + 78 + j = 4*i, 0 = -i - 4*a + 29. Calculate the remainder when i is divided by 9.
7
Suppose 0 = 20*m - 15*m - 135. Calculate the remainder when m is divided by 4.
3
Let g(j) be the first derivative of j**4/4 - j**2/2 - 2*j + 2. Let k be g(2). Suppose k*i = 1 + 19. Calculate the remainder when 14 is divided by i.
4
Let x = 28 + 20. What is the remainder when 142 is divided by x?
46
Suppose -4*i = 5*k + 1 - 54, 2*k + i - 20 = 0. Suppose 0 = 3*b + 4*v + 13, -3*b = -0*b + 3*v + k. What is the remainder when 3 - (2 + 0/(-1)) is divided by b?
0
Let p(g) = -2*g**3 - 2*g**2 + g + 2. Let u be p(-2). Let m = u - 0. Let s = -18 + 32. What is the remainder when s is divided by m?
6
Suppose 0 = 5*c + y - 40, 0*y = -5*c + 2*y + 40. Calculate the remainder when 31 is divided by c.
7
Let b be 6*(1 - (-15)/(-6)). Let n = b - -14. Suppose n*a - 21 = 2*p + 22, 0 = 4*a + 5*p - 41. Calculate the remainder when a is divided by 5.
4
Let q = -85 - -142. Suppose 2*a = c + c - 66, 0 = -3*c + 12. Let s = a + q. What is the remainder when s is divided by 10?
8
Suppose 4 = 2*y - 4. What is the remainder when ((-6)/y)/(3/(-92)) is divided by -1 + 4 - 6 - -19?
14
Let c = -36 + 63. Calculate the remainder when c is divided by 10.
7
Let p(q) = -5*q**2 - 19*q + 6. Let o(l) = -3*l**2 - 10*l + 3. Let y(v) = -11*o(v) + 6*p(v). What is the remainder when (2/2)/1 + 52 is divided by y(3)?
17
Let v(j) = -2*j**2 + 22*j + 19. Calculate the remainder when 53 is divided by v(11).
15
Suppose m = 4 - 1. Let g be ((-24)/10)/(8/(-20)). Suppose m*y = g*y - 30. Calculate the remainder when y is divided by 4.
2
Suppose -6*z - 3*z + 72 = 0. What is the remainder when 12 is divided by z?
4
Suppose n - 6*n = -140. What is the remainder when 55 is divided by n?
27
Let y(m) = m**2 + 10*m + 13. Let v be y(-11). Suppose 0 = q - 4*i - v, -3*i + 3 = -2*q + 3*q. Calculate the remainder when q is divided by 2 - 2/(4/(-10)).
5
Let n(t) = -t**2 + 4*t + 1. Let j be n(2). Suppose j*b - 37 - 28 = 0. Calculate the remainder when -1*(-1 - -2) + 25 is divided by b.
11
Suppose 0 = 4*j - 0*j. Let u(h) = 10 + 1 + h - 2. Calculate the remainder when 24 is divided by u(j).
6
Let s(u) = -u**3 + 9*u**2 - 15*u + 9. What is the remainder when s(6) is divided by 10?
7
Calculate the remainder when 33 is divided by ((-2)/4)/((-6)/288).
9
Suppose 3*u - 4*l - 7 = 0, -4*l = -5*u - 1 + 18. Calculate the remainder when 22 is divided by u.
2
Suppose -4*l - 3*s + 15 = 0, -2*l + 11 = 2*l - s. Suppose -2*c = l*c - 160. What is the remainder when c is divided by 17?
15
Let n(d) be the first derivative of -9*d**2/2 + d + 4. Let m be n(-1). Let c = 8 + m. What is the remainder when c is divided by 7?
4
Let y = 0 - -4. Suppose 4*u = 5*c + u - 61, -36 = -y*c - 4*u. Suppose -2*k + 0 = -w - 4, -39 = -4*w - 3*k. What is the remainder when c is divided by w?
5
Suppose 5*t = 5*a + t + 23, 2*t - 13 = 3*a. Let q(d) = -2*d**3 - 3*d**2 + 4*d - 1. Calculate the remainder when 38 is divided by q(a).
10
Let c = -1 + 4. Suppose -h - 12 = -2*h - 3*b, -4*b + 36 = c*h. What is the remainder when 23 is divided by h?
11
Suppose 33 = 2*i - 2*m - 47, 16 = 4*m. Suppose 3 = 4*l - 13. Suppose -2*u + 10 = -4*a, -l*u + a = -a - 50. What is the remainder when i is divided by u?
14
Suppose 4*a = 2*a + 4*f - 92, 0 = 3*a + f + 159. Suppose 4*p + 0*w = -2*w + 56, -3*w - 70 = -5*p. Calculate the remainder when (0 - a/(-8))*-4 is divided by p.
12
Let g = -2 - -2. Suppose -3*a + 81 = -2*r + 22, -2*a + 56 = 2*r. Calculate the remainder when a is divided by -18*((-4)/6 + g).
11
Calculate the remainder when (-17)/2*((-6)/3 - 2) is divided by 14.
6
Suppose -12*i + 270 = -3*i. Calculate the remainder when 115 is divided by i.
25
Let d(c) = -c + 4. Let a be d(0). Suppose 4*n = a*b - b - 61, 0 = -4*b + 4*n + 76. What is the remainder when 43 is divided by b?
13
Let h(r) = r**3 + 7*r**2 + 7*r. Let o be h(-6). Calculate the remainder when 32 is divided by 3*(0 + (-22)/o).
10
Let r = -29 - -53. Let w = -2 - -4. What is the remainder when (-2)/(4*(-4)/r) is divided by w?
1
Let z(v) = -10*v + 2. Let t be z(-3). Suppose 5*y = y + t. Calculate the remainder when 30 is divided by y.
6
Suppose 70*u - 72 = 66*u. Calculate the remainder when 124 is divided by u.
16
Let r = 41 + -1. Let s = r + -29. Let i(z) = 11*z - 2. Calculate the remainder when i(2) is divided by s.
9
Suppose 2*j - 4 = 2*z - 20, 12 = 2*z - j. Let o be (-2)/z*(-1 - -195). Let m = o - -141. What is the remainder when m is divided by 23?
21
Let g(q) = -q**3 + 13*q**2 + 2*q + 10. Calculate the remainder when g(13) is divided by 13.
10
Suppose -5*d = -10*d + 385. Calculate the remainder when d is divided by 20.
17
Let v(t) be the first derivative of t**4/4 + 7*t**3/3 + 3*t**2 - 3*t - 3. Let g be v(-6). Calculate the remainder when (-15)/(-3) - (g - -2) is divided by 4.
2
Suppose -2*i - 4 + 16 = 4*s, 5*s = -5*i + 20. Suppose 0 = -i*t - 11 + 41. What is the remainder when 59 is divided by t?
14
Let y(z) = -z**3 + 5*z**2 + 9*z - 1. What is the remainder when 49 is divided by y(6)?
15
Suppose -2*u + 13 = 3. Suppose -45 = -5*a - u. Calculate the remainder when 13 is divided by a.
5
Suppose 5 + 20 = 5*h. What is the remainder when (-1)/((-2)/8)*(-144)/(-32) is divided by h?
3
Let q = 6 - 11. Let z(c) = c**2 + 5*c + 5. Let u be z(q). Suppose -u - 1 = -2*k. What is the remainder when 7 is divided by k?
1
Let m(y) =